{"id":11,"date":"2024-04-27T12:48:26","date_gmt":"2024-04-27T12:48:26","guid":{"rendered":"https:\/\/kierkekkuafor.com\/?page_id=11"},"modified":"2024-04-28T11:59:18","modified_gmt":"2024-04-28T11:59:18","slug":"randevu","status":"publish","type":"page","link":"https:\/\/kierkekkuafor.com\/?page_id=11","title":{"rendered":"Randevu Sistemi"},"content":{"rendered":"\n<p class=\"has-black-color has-white-background-color has-text-color has-background has-link-color wp-elements-611e7b3ea1e37b9290b02caa1dbfc2ac\">M\u00fc\u015fterilerimize daha kaliteli ve zaman\u0131nda hizmet sunmak i\u00e7in yaln\u0131zca randevu sistemi ile \u00e7al\u0131\u015f\u0131yoruz. Bilgi ve randevu almak i\u00e7in 0216 326 44 54 numaral\u0131 telefondan bize ula\u015fabilirsiniz.<br><br><strong>\u00c7al\u0131\u015fma Saatlerimiz:<\/strong> Pazartesi &#8211; Cumartesi 09:00 &#8211; 20:00<br><\/p>\n\n\n\n<p class=\"has-black-color has-white-background-color has-text-color has-background has-link-color wp-elements-baa7f7f3148193d627fac5eb5e26f4a0\">Pazar g\u00fcnleri kapal\u0131y\u0131z.<\/p>\n","protected":false},"excerpt":{"rendered":"<p>M\u00fc\u015fterilerimize daha kaliteli ve zaman\u0131nda hizmet sunmak i\u00e7in yaln\u0131zca randevu sistemi ile \u00e7al\u0131\u015f\u0131yoruz. Bilgi ve randevu almak i\u00e7in 0216 326 44 54 numaral\u0131 telefondan bize ula\u015fabilirsiniz. \u00c7al\u0131\u015fma Saatlerimiz: Pazartesi &#8211; Cumartesi 09:00 &#8211; 20:00 Pazar g\u00fcnleri kapal\u0131y\u0131z.<\/p>\n","protected":false},"author":1,"featured_media":0,"parent":0,"menu_order":0,"comment_status":"closed","ping_status":"closed","template":"","meta":{"footnotes":""},"class_list":["post-11","page","type-page","status-publish","hentry"],"_links":{"self":[{"href":"https:\/\/kierkekkuafor.com\/index.php?rest_route=\/wp\/v2\/pages\/11","targetHints":{"allow":["GET"]}}],"collection":[{"href":"https:\/\/kierkekkuafor.com\/index.php?rest_route=\/wp\/v2\/pages"}],"about":[{"href":"https:\/\/kierkekkuafor.com\/index.php?rest_route=\/wp\/v2\/types\/page"}],"author":[{"embeddable":true,"href":"https:\/\/kierkekkuafor.com\/index.php?rest_route=\/wp\/v2\/users\/1"}],"replies":[{"embeddable":true,"href":"https:\/\/kierkekkuafor.com\/index.php?rest_route=%2Fwp%2Fv2%2Fcomments&post=11"}],"version-history":[{"count":5,"href":"https:\/\/kierkekkuafor.com\/index.php?rest_route=\/wp\/v2\/pages\/11\/revisions"}],"predecessor-version":[{"id":77,"href":"https:\/\/kierkekkuafor.com\/index.php?rest_route=\/wp\/v2\/pages\/11\/revisions\/77"}],"wp:attachment":[{"href":"https:\/\/kierkekkuafor.com\/index.php?rest_route=%2Fwp%2Fv2%2Fmedia&parent=11"}],"curies":[{"name":"wp","href":"https:\/\/api.w.org\/{rel}","templated":true}]}}